{"id":35,"date":"2024-03-24T09:46:43","date_gmt":"2024-03-24T09:46:43","guid":{"rendered":"https:\/\/optimus.qsandbox.com\/zqs\/qbcj\/site\/zakra-plumber\/?page_id=35"},"modified":"2024-05-28T15:35:21","modified_gmt":"2024-05-28T15:35:21","slug":"faqs","status":"publish","type":"page","link":"http:\/\/reparacionesmarinaalta.es\/index.php\/faqs\/","title":{"rendered":"Faqs"},"content":{"rendered":"\n<div class=\"alignfull blockart-section blockart-section-08a41c5e alignfull\"><div class=\"blockart-container\"><div class=\"blockart-section-inner\">\n<div class=\"blockart-column blockart-column-04e1c672\"><div class=\"blockart-column-inner\">\n<div class=\"blockart-faq blockart-faq-59ca1bfe blockart-faq-frontend expand-first-child collapse-others\">\n<div class=\"blockart-control\"><div class=\"blockart-faq-title-wrapper\"><div class=\"blockart-faq-question\">\u00bfQu\u00e9 tipo de dispositivos se pueden reparar?<\/div><svg width=\"24\" height=\"24\" xmlns=\"http:\/\/www.w3.org\/2000\/svg\" viewBox=\"0 0 24 24\" type=\"blockIcon\" class=\"blockart-icon blockart-faq-expand-icon\" aria-hidden=\"true\"><path d=\"M22 11h-9.1V2h-2v9H2v2h9v9h2v-9h9v-2z\"><\/path><\/svg><svg width=\"24\" height=\"24\" xmlns=\"http:\/\/www.w3.org\/2000\/svg\" viewBox=\"0 0 24 24\" type=\"blockIcon\" class=\"blockart-icon blockart-faq-collapse-icon\" aria-hidden=\"true\"><path d=\"M12 10.6L3.4 2 2 3.3l8.6 8.6L2 20.4l1.4 1.4 8.6-8.5 8.5 8.5 1.4-1.4-8.5-8.5L22 3.5l-1.4-1.3-8.6 8.4z\"><\/path><\/svg><\/div><div class=\"blockart-faq-content\">La mayor\u00eda de los dispositivos el\u00e9ctricos se pueden reparar, especialmente los de alta calidad y valor. Con otros dispositivos, el costo de reparaci\u00f3n puede superar el valor del dispositivo. Algunos electrodom\u00e9sticos que no podemos reparar son calentadores de agua oxidados, electrodom\u00e9sticos sin repuestos disponibles y algunas fugas de gas refrigerante.<\/div><\/div>\n\n\n\n<div class=\"blockart-control\"><div class=\"blockart-faq-title-wrapper\"><div class=\"blockart-faq-question\">\u00bfReparan televisores con problemas de LED?<\/div><svg width=\"24\" height=\"24\" xmlns=\"http:\/\/www.w3.org\/2000\/svg\" viewBox=\"0 0 24 24\" type=\"blockIcon\" class=\"blockart-icon blockart-faq-expand-icon\" aria-hidden=\"true\"><path d=\"M22 11h-9.1V2h-2v9H2v2h9v9h2v-9h9v-2z\"><\/path><\/svg><svg width=\"24\" height=\"24\" xmlns=\"http:\/\/www.w3.org\/2000\/svg\" viewBox=\"0 0 24 24\" type=\"blockIcon\" class=\"blockart-icon blockart-faq-collapse-icon\" aria-hidden=\"true\"><path d=\"M12 10.6L3.4 2 2 3.3l8.6 8.6L2 20.4l1.4 1.4 8.6-8.5 8.5 8.5 1.4-1.4-8.5-8.5L22 3.5l-1.4-1.3-8.6 8.4z\"><\/path><\/svg><\/div><div class=\"blockart-faq-content\">Lo hacemos, pero siempre existe la posibilidad de que el panel se rompa. En casos tan improbables, el televisor ya no se puede reparar y solo cobraremos por el LED y no por la mano de obra. Nuestros t\u00e9cnicos expertos y cualificados minimizan el riesgo de rotura del panel.<\/div><\/div>\n\n\n\n<div class=\"blockart-control\"><div class=\"blockart-faq-title-wrapper\"><div class=\"blockart-faq-question\">\u00bfCu\u00e1ndo es el mejor momento para reparar\/realizar el mantenimiento de una unidad de aire acondicionado?<\/div><svg width=\"24\" height=\"24\" xmlns=\"http:\/\/www.w3.org\/2000\/svg\" viewBox=\"0 0 24 24\" type=\"blockIcon\" class=\"blockart-icon blockart-faq-expand-icon\" aria-hidden=\"true\"><path d=\"M22 11h-9.1V2h-2v9H2v2h9v9h2v-9h9v-2z\"><\/path><\/svg><svg width=\"24\" height=\"24\" xmlns=\"http:\/\/www.w3.org\/2000\/svg\" viewBox=\"0 0 24 24\" type=\"blockIcon\" class=\"blockart-icon blockart-faq-collapse-icon\" aria-hidden=\"true\"><path d=\"M12 10.6L3.4 2 2 3.3l8.6 8.6L2 20.4l1.4 1.4 8.6-8.5 8.5 8.5 1.4-1.4-8.5-8.5L22 3.5l-1.4-1.3-8.6 8.4z\"><\/path><\/svg><\/div><div class=\"blockart-faq-content\">Recomendamos reparar unidades de aire acondicionado en invierno. En verano, la disponibilidad de t\u00e9cnicos se reduce gravemente en las zonas vacacionales. Por eso hemos desarrollado la iniciativa SegundaOk.<\/div><\/div>\n\n\n\n<div class=\"blockart-control\"><div class=\"blockart-faq-title-wrapper\"><div class=\"blockart-faq-question\">\u00bfQu\u00e9 \u00e1reas atienden?<\/div><svg width=\"24\" height=\"24\" xmlns=\"http:\/\/www.w3.org\/2000\/svg\" viewBox=\"0 0 24 24\" type=\"blockIcon\" class=\"blockart-icon blockart-faq-expand-icon\" aria-hidden=\"true\"><path d=\"M22 11h-9.1V2h-2v9H2v2h9v9h2v-9h9v-2z\"><\/path><\/svg><svg width=\"24\" height=\"24\" xmlns=\"http:\/\/www.w3.org\/2000\/svg\" viewBox=\"0 0 24 24\" type=\"blockIcon\" class=\"blockart-icon blockart-faq-collapse-icon\" aria-hidden=\"true\"><path d=\"M12 10.6L3.4 2 2 3.3l8.6 8.6L2 20.4l1.4 1.4 8.6-8.5 8.5 8.5 1.4-1.4-8.5-8.5L22 3.5l-1.4-1.3-8.6 8.4z\"><\/path><\/svg><\/div><div class=\"blockart-faq-content\">Damos servicio a las comarcas de La Safor y Marina Alta. Los municipios a los que damos servicio son\u00a0<br><strong>Alcalal\u00ed, Benissa, Castell de Castells, D\u00e9nia, Gata de Gorgos, Murla, Ondara, Orba, Pedreguer, Pego, Benitachell, Sagra, La Vall de Laguar, El Verger, X\u00e0bia<\/strong>\u00a0en la\u00a0<br><strong>Marina Alta<\/strong>\u00a0y\u00a0<br><strong>Ador, Alfauir. , Almiser\u00e0, Almoines, L&#8217;Alqueria de la Comtessa, Barx, Bellreguard, Beniarj\u00f3, Benifair\u00f3 de la Valldigna, Benifl\u00e0, Benirredr\u00e0, Castellonet de la Conquesta, Daim\u00fas, Gand\u00eda, Guardamar de la Safor, La Font d\u00b4En Carr\u00f2s, Llocnou de Sant Jeroni, Miramar, Oliva, Palma de Gandia, Palmera, Piles, Potries, Rafelcofer, Real de Gandia, R\u00f2tova, Simat de la Valldigna, Tavernes de la Valldigna, Villalonga, Xeraco y Xeresa<\/strong>\u00a0en la\u00a0<br>comarca\u00a0<br><strong>de La Safor .<\/strong><\/div><\/div>\n\n\n\n<div class=\"blockart-control\"><div class=\"blockart-faq-title-wrapper\"><div class=\"blockart-faq-question\">Hemos comprado un sistema de aire acondicionado, \u00bfnos lo puedes instalar?<\/div><svg width=\"24\" height=\"24\" xmlns=\"http:\/\/www.w3.org\/2000\/svg\" viewBox=\"0 0 24 24\" type=\"blockIcon\" class=\"blockart-icon blockart-faq-expand-icon\" aria-hidden=\"true\"><path d=\"M22 11h-9.1V2h-2v9H2v2h9v9h2v-9h9v-2z\"><\/path><\/svg><svg width=\"24\" height=\"24\" xmlns=\"http:\/\/www.w3.org\/2000\/svg\" viewBox=\"0 0 24 24\" type=\"blockIcon\" class=\"blockart-icon blockart-faq-collapse-icon\" aria-hidden=\"true\"><path d=\"M12 10.6L3.4 2 2 3.3l8.6 8.6L2 20.4l1.4 1.4 8.6-8.5 8.5 8.5 1.4-1.4-8.5-8.5L22 3.5l-1.4-1.3-8.6 8.4z\"><\/path><\/svg><\/div><div class=\"blockart-faq-content\">Recomendamos que cualquier equipo de aire acondicionado que instalemos est\u00e9 siguiendo un estudio realizado por nuestros t\u00e9cnicos. Instalamos unidades de marcas confiables, proporcionadas directamente por nuestros socios comerciales para maximizar su durabilidad y facilitar las reparaciones.<\/div><\/div>\n<\/div>\n<\/div><\/div>\n\n\n\n<div class=\"blockart-column blockart-column-4216a4ed\"><div class=\"blockart-column-inner\">\n<div class=\"blockart-faq blockart-faq-ff8c235f blockart-faq-frontend expand-first-child collapse-others\">\n<div class=\"blockart-control\"><div class=\"blockart-faq-title-wrapper\"><div class=\"blockart-faq-question\">\u00bfQu\u00e9 marcas reparan?<\/div><svg width=\"24\" height=\"24\" xmlns=\"http:\/\/www.w3.org\/2000\/svg\" viewBox=\"0 0 24 24\" type=\"blockIcon\" class=\"blockart-icon blockart-faq-expand-icon\" aria-hidden=\"true\"><path d=\"M22 11h-9.1V2h-2v9H2v2h9v9h2v-9h9v-2z\"><\/path><\/svg><svg width=\"24\" height=\"24\" xmlns=\"http:\/\/www.w3.org\/2000\/svg\" viewBox=\"0 0 24 24\" type=\"blockIcon\" class=\"blockart-icon blockart-faq-collapse-icon\" aria-hidden=\"true\"><path d=\"M12 10.6L3.4 2 2 3.3l8.6 8.6L2 20.4l1.4 1.4 8.6-8.5 8.5 8.5 1.4-1.4-8.5-8.5L22 3.5l-1.4-1.3-8.6 8.4z\"><\/path><\/svg><\/div><div class=\"blockart-faq-content\">Somos servicio t\u00e9cnico oficial de las marcas Hisense, New-pol, Artica, Asko, Svan.<br><br><br>Nuestra experiencia profesional en la reparaci\u00f3n de electrodom\u00e9sticos nos permite reparar cualquier marca de electrodom\u00e9sticos.<br><br><br>Trabajamos con Zanussi, Liebherr, Whirlpool, Indesit, Teka, Corber\u00f3, Electrolux, Fagor, Samsung, Cata, Beko, Newpol, AEG, Miele, Ignis, Candy, Hoover, Delonghi, Junkers, Mitsubishi, Fujitsu, LG, Panasonic, Vaillant , Philips, Edesa y muchos m\u00e1s.<br><\/div><\/div>\n\n\n\n<div class=\"blockart-control\"><div class=\"blockart-faq-title-wrapper\"><div class=\"blockart-faq-question\">\u00bfQu\u00e9 garant\u00eda tienen las reparaciones?<\/div><svg width=\"24\" height=\"24\" xmlns=\"http:\/\/www.w3.org\/2000\/svg\" viewBox=\"0 0 24 24\" type=\"blockIcon\" class=\"blockart-icon blockart-faq-expand-icon\" aria-hidden=\"true\"><path d=\"M22 11h-9.1V2h-2v9H2v2h9v9h2v-9h9v-2z\"><\/path><\/svg><svg width=\"24\" height=\"24\" xmlns=\"http:\/\/www.w3.org\/2000\/svg\" viewBox=\"0 0 24 24\" type=\"blockIcon\" class=\"blockart-icon blockart-faq-collapse-icon\" aria-hidden=\"true\"><path d=\"M12 10.6L3.4 2 2 3.3l8.6 8.6L2 20.4l1.4 1.4 8.6-8.5 8.5 8.5 1.4-1.4-8.5-8.5L22 3.5l-1.4-1.3-8.6 8.4z\"><\/path><\/svg><\/div><div class=\"blockart-faq-content\">Estamos obligados por ley a brindar una garant\u00eda de 3 meses, sin embargo, nuestra capacitaci\u00f3n profesional nos permite brindar una garant\u00eda de 6 meses para nuestros repuestos nuevos..<\/div><\/div>\n<\/div>\n<\/div><\/div>\n<\/div><\/div><\/div>\n\n\n\n<div class=\"blockart-section blockart-section-f1535e96\"><div class=\"blockart-container\"><div class=\"blockart-section-inner\">\n<div class=\"blockart-column blockart-column-e0e9ebdd\"><div class=\"blockart-column-inner\">\n<div class=\"blockart-section blockart-section-a55816d4\"><div class=\"blockart-overlay\"><\/div><div class=\"blockart-container\"><div class=\"blockart-section-inner\">\n<div class=\"blockart-column blockart-column-895f4a12\"><div class=\"blockart-column-inner\">\n<h2 class=\"blockart-heading blockart-heading-7181e002\"><br><strong>Ll\u00e1manos sin compromiso<\/strong><\/h2>\n\n\n\n<p class=\"blockart-paragraph blockart-paragraph-6ebb9274\">Tambi\u00e9n puedes contactarnos v\u00eda whatsapp y nos pondremos en contacto lo antes posible.<\/p>\n<\/div><\/div>\n\n\n\n<div class=\"blockart-column blockart-column-71a4bb61\"><div class=\"blockart-column-inner\"><\/div><\/div>\n\n\n\n<div class=\"blockart-column blockart-column-b71bddff\"><div class=\"blockart-column-inner\">\n<div class=\"blockart-buttons blockart-buttons-1fed7825 is-wrap justify-right\">\n<div class=\"blockart-button blockart-button-76830afa \"><a class=\"blockart-button-link is-custom is-style-filled\" href=\"tel:+34686662755\"><span class=\"blockart-button-icon\"><svg width=\"24\" height=\"24\" xmlns=\"http:\/\/www.w3.org\/2000\/svg\" viewBox=\"0 0 24 24\" class=\"blockart-icon\" aria-hidden=\"true\"><path d=\"M21.9 17.9l-5.5-5.5-2.3 2.3c-.8-.3-2.2-.8-3-1.6s-1.4-2.3-1.6-3l2.3-2.3-5.7-5.7-3.4 3.4c-.5.5-.6 1-.6 1.5 0 1.5.4 6.5 4.4 10.5s9.1 4.4 10.5 4.4c.5 0 1-.2 1.5-.6l3.4-3.4zm-4.9 2c-1.3 0-5.6-.3-9.1-3.8S4.1 8.2 4.1 7l2.1-2.1 2.7 2.7-1.4 1.3c-.3.3-.3.6-.3 1 0 .1.6 2.9 2.3 4.6s4.5 2.3 4.6 2.3c.3.1.7 0 1-.3l1.3-1.3 2.7 2.7-2.1 2z\"><\/path><\/svg><\/span>+34 686-66-27-55<\/a><\/div>\n<\/div>\n<\/div><\/div>\n<\/div><\/div><\/div>\n<\/div><\/div>\n<\/div><\/div><\/div>\n","protected":false},"excerpt":{"rendered":"","protected":false},"author":1,"featured_media":0,"parent":0,"menu_order":0,"comment_status":"closed","ping_status":"closed","template":"page-templates\/pagebuilder.php","meta":{"footnotes":""},"class_list":["post-35","page","type-page","status-publish","hentry"],"jetpack_sharing_enabled":true,"_links":{"self":[{"href":"http:\/\/reparacionesmarinaalta.es\/index.php\/wp-json\/wp\/v2\/pages\/35","targetHints":{"allow":["GET"]}}],"collection":[{"href":"http:\/\/reparacionesmarinaalta.es\/index.php\/wp-json\/wp\/v2\/pages"}],"about":[{"href":"http:\/\/reparacionesmarinaalta.es\/index.php\/wp-json\/wp\/v2\/types\/page"}],"author":[{"embeddable":true,"href":"http:\/\/reparacionesmarinaalta.es\/index.php\/wp-json\/wp\/v2\/users\/1"}],"replies":[{"embeddable":true,"href":"http:\/\/reparacionesmarinaalta.es\/index.php\/wp-json\/wp\/v2\/comments?post=35"}],"version-history":[{"count":17,"href":"http:\/\/reparacionesmarinaalta.es\/index.php\/wp-json\/wp\/v2\/pages\/35\/revisions"}],"predecessor-version":[{"id":666,"href":"http:\/\/reparacionesmarinaalta.es\/index.php\/wp-json\/wp\/v2\/pages\/35\/revisions\/666"}],"wp:attachment":[{"href":"http:\/\/reparacionesmarinaalta.es\/index.php\/wp-json\/wp\/v2\/media?parent=35"}],"curies":[{"name":"wp","href":"https:\/\/api.w.org\/{rel}","templated":true}]}}

<div class="alignfull blockart-section blockart-section-08a41c5e alignfull"><div class="blockart-container"><div class="blockart-section-inner">
<div class="blockart-column blockart-column-04e1c672"><div class="blockart-column-inner">
<div class="blockart-faq blockart-faq-59ca1bfe blockart-faq-frontend expand-first-child collapse-others">
<div class="blockart-control"><div class="blockart-faq-title-wrapper"><div class="blockart-faq-question">¿Qué tipo de dispositivos se pueden reparar?</div><svg width="24" height="24" xmlns="http://www.w3.org/2000/svg" viewBox="0 0 24 24" type="blockIcon" class="blockart-icon blockart-faq-expand-icon" aria-hidden="true"><path d="M22 11h-9.1V2h-2v9H2v2h9v9h2v-9h9v-2z"></path></svg><svg width="24" height="24" xmlns="http://www.w3.org/2000/svg" viewBox="0 0 24 24" type="blockIcon" class="blockart-icon blockart-faq-collapse-icon" aria-hidden="true"><path d="M12 10.6L3.4 2 2 3.3l8.6 8.6L2 20.4l1.4 1.4 8.6-8.5 8.5 8.5 1.4-1.4-8.5-8.5L22 3.5l-1.4-1.3-8.6 8.4z"></path></svg></div><div class="blockart-faq-content">La mayoría de los dispositivos eléctricos se pueden reparar, especialmente los de alta calidad y valor. Con otros dispositivos, el costo de reparación puede superar el valor del dispositivo. Algunos electrodomésticos que no podemos reparar son calentadores de agua oxidados, electrodomésticos sin repuestos disponibles y algunas fugas de gas refrigerante.</div></div>



<div class="blockart-control"><div class="blockart-faq-title-wrapper"><div class="blockart-faq-question">¿Reparan televisores con problemas de LED?</div><svg width="24" height="24" xmlns="http://www.w3.org/2000/svg" viewBox="0 0 24 24" type="blockIcon" class="blockart-icon blockart-faq-expand-icon" aria-hidden="true"><path d="M22 11h-9.1V2h-2v9H2v2h9v9h2v-9h9v-2z"></path></svg><svg width="24" height="24" xmlns="http://www.w3.org/2000/svg" viewBox="0 0 24 24" type="blockIcon" class="blockart-icon blockart-faq-collapse-icon" aria-hidden="true"><path d="M12 10.6L3.4 2 2 3.3l8.6 8.6L2 20.4l1.4 1.4 8.6-8.5 8.5 8.5 1.4-1.4-8.5-8.5L22 3.5l-1.4-1.3-8.6 8.4z"></path></svg></div><div class="blockart-faq-content">Lo hacemos, pero siempre existe la posibilidad de que el panel se rompa. En casos tan improbables, el televisor ya no se puede reparar y solo cobraremos por el LED y no por la mano de obra. Nuestros técnicos expertos y cualificados minimizan el riesgo de rotura del panel.</div></div>



<div class="blockart-control"><div class="blockart-faq-title-wrapper"><div class="blockart-faq-question">¿Cuándo es el mejor momento para reparar/realizar el mantenimiento de una unidad de aire acondicionado?</div><svg width="24" height="24" xmlns="http://www.w3.org/2000/svg" viewBox="0 0 24 24" type="blockIcon" class="blockart-icon blockart-faq-expand-icon" aria-hidden="true"><path d="M22 11h-9.1V2h-2v9H2v2h9v9h2v-9h9v-2z"></path></svg><svg width="24" height="24" xmlns="http://www.w3.org/2000/svg" viewBox="0 0 24 24" type="blockIcon" class="blockart-icon blockart-faq-collapse-icon" aria-hidden="true"><path d="M12 10.6L3.4 2 2 3.3l8.6 8.6L2 20.4l1.4 1.4 8.6-8.5 8.5 8.5 1.4-1.4-8.5-8.5L22 3.5l-1.4-1.3-8.6 8.4z"></path></svg></div><div class="blockart-faq-content">Recomendamos reparar unidades de aire acondicionado en invierno. En verano, la disponibilidad de técnicos se reduce gravemente en las zonas vacacionales. Por eso hemos desarrollado la iniciativa SegundaOk.</div></div>



<div class="blockart-control"><div class="blockart-faq-title-wrapper"><div class="blockart-faq-question">¿Qué áreas atienden?</div><svg width="24" height="24" xmlns="http://www.w3.org/2000/svg" viewBox="0 0 24 24" type="blockIcon" class="blockart-icon blockart-faq-expand-icon" aria-hidden="true"><path d="M22 11h-9.1V2h-2v9H2v2h9v9h2v-9h9v-2z"></path></svg><svg width="24" height="24" xmlns="http://www.w3.org/2000/svg" viewBox="0 0 24 24" type="blockIcon" class="blockart-icon blockart-faq-collapse-icon" aria-hidden="true"><path d="M12 10.6L3.4 2 2 3.3l8.6 8.6L2 20.4l1.4 1.4 8.6-8.5 8.5 8.5 1.4-1.4-8.5-8.5L22 3.5l-1.4-1.3-8.6 8.4z"></path></svg></div><div class="blockart-faq-content">Damos servicio a las comarcas de La Safor y Marina Alta. Los municipios a los que damos servicio son <br><strong>Alcalalí, Benissa, Castell de Castells, Dénia, Gata de Gorgos, Murla, Ondara, Orba, Pedreguer, Pego, Benitachell, Sagra, La Vall de Laguar, El Verger, Xàbia</strong> en la <br><strong>Marina Alta</strong> y <br><strong>Ador, Alfauir. , Almiserà, Almoines, L&#8217;Alqueria de la Comtessa, Barx, Bellreguard, Beniarjó, Benifairó de la Valldigna, Beniflà, Benirredrà, Castellonet de la Conquesta, Daimús, Gandía, Guardamar de la Safor, La Font d´En Carròs, Llocnou de Sant Jeroni, Miramar, Oliva, Palma de Gandia, Palmera, Piles, Potries, Rafelcofer, Real de Gandia, Ròtova, Simat de la Valldigna, Tavernes de la Valldigna, Villalonga, Xeraco y Xeresa</strong> en la <br>comarca <br><strong>de La Safor .</strong></div></div>



<div class="blockart-control"><div class="blockart-faq-title-wrapper"><div class="blockart-faq-question">Hemos comprado un sistema de aire acondicionado, ¿nos lo puedes instalar?</div><svg width="24" height="24" xmlns="http://www.w3.org/2000/svg" viewBox="0 0 24 24" type="blockIcon" class="blockart-icon blockart-faq-expand-icon" aria-hidden="true"><path d="M22 11h-9.1V2h-2v9H2v2h9v9h2v-9h9v-2z"></path></svg><svg width="24" height="24" xmlns="http://www.w3.org/2000/svg" viewBox="0 0 24 24" type="blockIcon" class="blockart-icon blockart-faq-collapse-icon" aria-hidden="true"><path d="M12 10.6L3.4 2 2 3.3l8.6 8.6L2 20.4l1.4 1.4 8.6-8.5 8.5 8.5 1.4-1.4-8.5-8.5L22 3.5l-1.4-1.3-8.6 8.4z"></path></svg></div><div class="blockart-faq-content">Recomendamos que cualquier equipo de aire acondicionado que instalemos esté siguiendo un estudio realizado por nuestros técnicos. Instalamos unidades de marcas confiables, proporcionadas directamente por nuestros socios comerciales para maximizar su durabilidad y facilitar las reparaciones.</div></div>
</div>
</div></div>



<div class="blockart-column blockart-column-4216a4ed"><div class="blockart-column-inner">
<div class="blockart-faq blockart-faq-ff8c235f blockart-faq-frontend expand-first-child collapse-others">
<div class="blockart-control"><div class="blockart-faq-title-wrapper"><div class="blockart-faq-question">¿Qué marcas reparan?</div><svg width="24" height="24" xmlns="http://www.w3.org/2000/svg" viewBox="0 0 24 24" type="blockIcon" class="blockart-icon blockart-faq-expand-icon" aria-hidden="true"><path d="M22 11h-9.1V2h-2v9H2v2h9v9h2v-9h9v-2z"></path></svg><svg width="24" height="24" xmlns="http://www.w3.org/2000/svg" viewBox="0 0 24 24" type="blockIcon" class="blockart-icon blockart-faq-collapse-icon" aria-hidden="true"><path d="M12 10.6L3.4 2 2 3.3l8.6 8.6L2 20.4l1.4 1.4 8.6-8.5 8.5 8.5 1.4-1.4-8.5-8.5L22 3.5l-1.4-1.3-8.6 8.4z"></path></svg></div><div class="blockart-faq-content">Somos servicio técnico oficial de las marcas Hisense, New-pol, Artica, Asko, Svan.<br><br><br>Nuestra experiencia profesional en la reparación de electrodomésticos nos permite reparar cualquier marca de electrodomésticos.<br><br><br>Trabajamos con Zanussi, Liebherr, Whirlpool, Indesit, Teka, Corberó, Electrolux, Fagor, Samsung, Cata, Beko, Newpol, AEG, Miele, Ignis, Candy, Hoover, Delonghi, Junkers, Mitsubishi, Fujitsu, LG, Panasonic, Vaillant , Philips, Edesa y muchos más.<br></div></div>



<div class="blockart-control"><div class="blockart-faq-title-wrapper"><div class="blockart-faq-question">¿Qué garantía tienen las reparaciones?</div><svg width="24" height="24" xmlns="http://www.w3.org/2000/svg" viewBox="0 0 24 24" type="blockIcon" class="blockart-icon blockart-faq-expand-icon" aria-hidden="true"><path d="M22 11h-9.1V2h-2v9H2v2h9v9h2v-9h9v-2z"></path></svg><svg width="24" height="24" xmlns="http://www.w3.org/2000/svg" viewBox="0 0 24 24" type="blockIcon" class="blockart-icon blockart-faq-collapse-icon" aria-hidden="true"><path d="M12 10.6L3.4 2 2 3.3l8.6 8.6L2 20.4l1.4 1.4 8.6-8.5 8.5 8.5 1.4-1.4-8.5-8.5L22 3.5l-1.4-1.3-8.6 8.4z"></path></svg></div><div class="blockart-faq-content">Estamos obligados por ley a brindar una garantía de 3 meses, sin embargo, nuestra capacitación profesional nos permite brindar una garantía de 6 meses para nuestros repuestos nuevos..</div></div>
</div>
</div></div>
</div></div></div>



<div class="blockart-section blockart-section-f1535e96"><div class="blockart-container"><div class="blockart-section-inner">
<div class="blockart-column blockart-column-e0e9ebdd"><div class="blockart-column-inner">
<div class="blockart-section blockart-section-a55816d4"><div class="blockart-overlay"></div><div class="blockart-container"><div class="blockart-section-inner">
<div class="blockart-column blockart-column-895f4a12"><div class="blockart-column-inner">
<h2 class="blockart-heading blockart-heading-7181e002"><br><strong>Llámanos sin compromiso</strong></h2>



<p class="blockart-paragraph blockart-paragraph-6ebb9274">También puedes contactarnos vía whatsapp y nos pondremos en contacto lo antes posible.</p>
</div></div>



<div class="blockart-column blockart-column-71a4bb61"><div class="blockart-column-inner"></div></div>



<div class="blockart-column blockart-column-b71bddff"><div class="blockart-column-inner">
<div class="blockart-buttons blockart-buttons-1fed7825 is-wrap justify-right">
<div class="blockart-button blockart-button-76830afa "><a class="blockart-button-link is-custom is-style-filled" href="tel:+34686662755"><span class="blockart-button-icon"><svg width="24" height="24" xmlns="http://www.w3.org/2000/svg" viewBox="0 0 24 24" class="blockart-icon" aria-hidden="true"><path d="M21.9 17.9l-5.5-5.5-2.3 2.3c-.8-.3-2.2-.8-3-1.6s-1.4-2.3-1.6-3l2.3-2.3-5.7-5.7-3.4 3.4c-.5.5-.6 1-.6 1.5 0 1.5.4 6.5 4.4 10.5s9.1 4.4 10.5 4.4c.5 0 1-.2 1.5-.6l3.4-3.4zm-4.9 2c-1.3 0-5.6-.3-9.1-3.8S4.1 8.2 4.1 7l2.1-2.1 2.7 2.7-1.4 1.3c-.3.3-.3.6-.3 1 0 .1.6 2.9 2.3 4.6s4.5 2.3 4.6 2.3c.3.1.7 0 1-.3l1.3-1.3 2.7 2.7-2.1 2z"></path></svg></span>+34 686-66-27-55</a></div>
</div>
</div></div>
</div></div></div>
</div></div>
</div></div></div>
