{"id":633,"date":"2024-05-28T09:49:09","date_gmt":"2024-05-28T09:49:09","guid":{"rendered":"https:\/\/reparacionesmarinaalta.es\/?page_id=633"},"modified":"2024-05-29T11:52:18","modified_gmt":"2024-05-29T11:52:18","slug":"633-2","status":"publish","type":"page","link":"http:\/\/reparacionesmarinaalta.es\/index.php\/633-2\/","title":{"rendered":"SegundaOK"},"content":{"rendered":"\n<div class=\"alignfull blockart-section blockart-section-d2335871 alignfull\"><div class=\"blockart-overlay\"><\/div><div class=\"blockart-container\"><div class=\"blockart-section-inner\">\n<div class=\"blockart-column blockart-column-ada06c1e\"><div class=\"blockart-column-inner\">\n<h2 class=\"blockart-heading blockart-heading-73b77c2b\">Segunda OK <br><\/h2>\n\n\n\n<p class=\"blockart-paragraph blockart-paragraph-26437169\">Damos servicio en las comarcas de La Safor y Marina Alta. Nuestros profesionales est\u00e1n avalados por m\u00e1s de 25 a\u00f1os de experiencia para poder garantizar s\u00f3lo el mejor servicio. Nuestras oficinas est\u00e1n abiertas de lunes a viernes, de 09:00 a 14:00.<\/p>\n\n\n\n<div class=\"blockart-buttons blockart-buttons-04a114bf is-wrap\">\n<div class=\"blockart-button blockart-button-988ca706 \"><a class=\"blockart-button-link is-custom is-style-outline\" href=\"https:\/\/reparacionesmarinaalta.es\/index.php\/services\/\">Ver nuestros productos<\/a><\/div>\n<\/div>\n<\/div><\/div>\n<\/div><\/div><\/div>\n\n\n\n<div class=\"blockart-section blockart-section-01d53756\"><div class=\"blockart-container\"><div class=\"blockart-section-inner\">\n<div class=\"blockart-column blockart-column-054b4716\"><div class=\"blockart-column-inner\">\n<h2 class=\"blockart-heading blockart-heading-902475da\">El servicio de mantenimiento que necesitas<\/h2>\n<\/div><\/div>\n\n\n\n<div class=\"blockart-column blockart-column-41301ec2\"><div class=\"blockart-column-inner\">\n<p class=\"has-white-color has-text-color has-link-color wp-elements-d80e8d3a98d4f0fa3e2893b14fe9f444\">Al servicio de gestores de propiedad, inmobiliarias y propietarios de segunda vivienda.<\/p>\n<\/div><\/div>\n<\/div><\/div><\/div>\n\n\n\n<div class=\"blockart-section blockart-section-ed2298a8\"><div class=\"blockart-container\"><div class=\"blockart-section-inner\">\n<div class=\"blockart-column blockart-column-73a798d4\"><div class=\"blockart-column-inner\">\n<p class=\"has-white-color has-text-color has-link-color wp-elements-e35c271ccf923ae0e9ccbcc9cbae5a03\">El servicio incluye reparaciones de electrodom\u00e9sticos de gama blanca, as\u00ed como una revisi\u00f3n anual preventiva del aire acondicionado o bomba de calor.<\/p>\n<\/div><\/div>\n\n\n\n<div class=\"blockart-column blockart-column-779f4aee\"><div class=\"blockart-column-inner\">\n<h2 class=\"blockart-heading blockart-heading-56559863\">S\u00f3lo el mejor servicio<\/h2>\n<\/div><\/div>\n<\/div><\/div><\/div>\n\n\n\n<div class=\"blockart-section blockart-section-ac5c7127\"><div class=\"blockart-container\"><div class=\"blockart-section-inner\">\n<div class=\"blockart-column blockart-column-1fbb143c\"><div class=\"blockart-column-inner\">\n<div class=\"blockart-section blockart-section-57350cc8\"><div class=\"blockart-container\"><div class=\"blockart-section-inner\">\n<div class=\"blockart-column blockart-column-eb6ac102\"><div class=\"blockart-column-inner\">\n<h2 class=\"blockart-heading blockart-heading-f002a27d\">Testimonios de clientes<\/h2>\n\n\n\n<p class=\"blockart-paragraph blockart-paragraph-87506178\">Un servicio de mantenimiento de confianza<\/p>\n<\/div><\/div>\n\n\n\n<div class=\"blockart-column blockart-column-44824432\"><div class=\"blockart-column-inner\">\n<div class=\"blockart-slider blockart-slider-c8529fa9\"><div class=\"splide\"><div class=\"splide__track\"><ul class=\"splide__list\">\n<li class=\"blockart-slide blockart-slide-e8e984d3 splide__slide\">\n<div class=\"blockart-blockquote blockart-frontend blockart-blockquote-a8268029 layout-border\"><div class=\"blockart-blockquote-main\"><blockquote><div class=\"blockart-blockquote-quote ba-typography-primary\">Servicio r\u00e1pido y fiable. Siempre llamo un par de semanas antes de mi visita, y cuando vuelvo, todos los aparatos est\u00e1n funcionando a la perfecci\u00f3n. \u2605\u2605\u2605\u2605\u2605<\/div><\/blockquote><p class=\"blockart-blockquote-author\">Sarah M.<\/p><\/div><\/div>\n<\/li>\n\n\n\n<li class=\"blockart-slide blockart-slide-26254438 splide__slide\">\n<div class=\"blockart-blockquote blockart-frontend blockart-blockquote-e4ec0fd0 layout-border\"><div class=\"blockart-blockquote-main\"><blockquote><div class=\"blockart-blockquote-quote ba-typography-primary\">Tengo algunas casas en alquiler y antes de encontrar este servicio, siempre ten\u00eda problemas, tuve que reembolsar a algunos de mis clientes, malas rese\u00f1as, de todo. Desde que lo encontr\u00e9, todo est\u00e1 listo cuando entran los clientes y por fin rentabilizo la inversi\u00f3n que hice.\u2605\u2605\u2605\u2605\u2605<\/div><\/blockquote><p class=\"blockart-blockquote-author\">Guillermo D.<\/p><\/div><\/div>\n<\/li>\n\n\n\n<li class=\"blockart-slide blockart-slide-cd811b42 splide__slide\">\n<div class=\"blockart-blockquote blockart-frontend blockart-blockquote-d431d881 layout-border\"><div class=\"blockart-blockquote-main\"><blockquote><div class=\"blockart-blockquote-quote ba-typography-primary\">Nuestra agencia inmobiliaria no tiene que preocuparse cuando viene un inquilino nuevo, porque sabemos que todo va a funcionar bien. Ahora tenemos un dolor de cabeza menos del que preocuparnos. \u2605\u2605\u2605\u2605\u2605<\/div><\/blockquote><p class=\"blockart-blockquote-author\">Enrique B.<\/p><\/div><\/div>\n<\/li>\n<\/ul><\/div><div class=\"splide__arrows\"><div role=\"button\" tabindex=\"0\" class=\"splide__arrow splide__arrow--prev\"><svg xmlns=\"http:\/\/www.w3.org\/2000\/svg\" viewBox=\"0 0 40 40\" width=\"40\" height=\"40\" focusable=\"false\"><path d=\"m15.5 0.932-4.3 4.38 14.5 14.6-14.5 14.5 4.3 4.4 14.6-14.6 4.4-4.3-4.4-4.4-14.6-14.6z\"><\/path><\/svg><\/div><div role=\"button\" tabindex=\"0\" class=\"splide__arrow splide__arrow--next\"><svg xmlns=\"http:\/\/www.w3.org\/2000\/svg\" viewBox=\"0 0 40 40\" width=\"40\" height=\"40\" focusable=\"false\"><path d=\"m15.5 0.932-4.3 4.38 14.5 14.6-14.5 14.5 4.3 4.4 14.6-14.6 4.4-4.3-4.4-4.4-14.6-14.6z\"><\/path><\/svg><\/div><\/div><\/div><\/div>\n<\/div><\/div>\n<\/div><\/div><\/div>\n<\/div><\/div>\n<\/div><\/div><\/div>\n\n\n\n<div class=\"blockart-section blockart-section-a639e9bd\"><div class=\"blockart-container\"><div class=\"blockart-section-inner\">\n<div class=\"blockart-column blockart-column-8f759569\"><div class=\"blockart-column-inner\">\n<div class=\"blockart-section blockart-section-760883b6\"><div class=\"blockart-overlay\"><\/div><div class=\"blockart-container\"><div class=\"blockart-section-inner\">\n<div class=\"blockart-column blockart-column-fa59ccc7\"><div class=\"blockart-column-inner\">\n<h2 class=\"blockart-heading blockart-heading-1759f527\"><strong>Ll\u00e1manos sin compromiso<\/strong><\/h2>\n\n\n\n<p class=\"blockart-paragraph blockart-paragraph-52c9ac1e\">Tambi\u00e9n puedes contactarnos v\u00eda whatsapp y nos pondremos en contacto lo antes posible.<\/p>\n<\/div><\/div>\n\n\n\n<div class=\"blockart-column blockart-column-a9cc5995\"><div class=\"blockart-column-inner\"><\/div><\/div>\n\n\n\n<div class=\"blockart-column blockart-column-517c75d0\"><div class=\"blockart-column-inner\">\n<div class=\"blockart-buttons blockart-buttons-3238f28c is-wrap justify-right\">\n<div class=\"blockart-button blockart-button-9bb7e626 \"><a class=\"blockart-button-link is-custom is-style-filled\" href=\"tel:+34686662755\"><span class=\"blockart-button-icon\"><svg width=\"24\" height=\"24\" xmlns=\"http:\/\/www.w3.org\/2000\/svg\" viewBox=\"0 0 24 24\" class=\"blockart-icon\" aria-hidden=\"true\"><path d=\"M21.9 17.9l-5.5-5.5-2.3 2.3c-.8-.3-2.2-.8-3-1.6s-1.4-2.3-1.6-3l2.3-2.3-5.7-5.7-3.4 3.4c-.5.5-.6 1-.6 1.5 0 1.5.4 6.5 4.4 10.5s9.1 4.4 10.5 4.4c.5 0 1-.2 1.5-.6l3.4-3.4zm-4.9 2c-1.3 0-5.6-.3-9.1-3.8S4.1 8.2 4.1 7l2.1-2.1 2.7 2.7-1.4 1.3c-.3.3-.3.6-.3 1 0 .1.6 2.9 2.3 4.6s4.5 2.3 4.6 2.3c.3.1.7 0 1-.3l1.3-1.3 2.7 2.7-2.1 2z\"><\/path><\/svg><\/span>+34 686-66-27-55<\/a><\/div>\n<\/div>\n<\/div><\/div>\n<\/div><\/div><\/div>\n<\/div><\/div>\n<\/div><\/div><\/div>\n","protected":false},"excerpt":{"rendered":"","protected":false},"author":1,"featured_media":0,"parent":0,"menu_order":0,"comment_status":"closed","ping_status":"closed","template":"","meta":{"footnotes":""},"class_list":["post-633","page","type-page","status-publish","hentry"],"jetpack_sharing_enabled":true,"_links":{"self":[{"href":"http:\/\/reparacionesmarinaalta.es\/index.php\/wp-json\/wp\/v2\/pages\/633","targetHints":{"allow":["GET"]}}],"collection":[{"href":"http:\/\/reparacionesmarinaalta.es\/index.php\/wp-json\/wp\/v2\/pages"}],"about":[{"href":"http:\/\/reparacionesmarinaalta.es\/index.php\/wp-json\/wp\/v2\/types\/page"}],"author":[{"embeddable":true,"href":"http:\/\/reparacionesmarinaalta.es\/index.php\/wp-json\/wp\/v2\/users\/1"}],"replies":[{"embeddable":true,"href":"http:\/\/reparacionesmarinaalta.es\/index.php\/wp-json\/wp\/v2\/comments?post=633"}],"version-history":[{"count":4,"href":"http:\/\/reparacionesmarinaalta.es\/index.php\/wp-json\/wp\/v2\/pages\/633\/revisions"}],"predecessor-version":[{"id":681,"href":"http:\/\/reparacionesmarinaalta.es\/index.php\/wp-json\/wp\/v2\/pages\/633\/revisions\/681"}],"wp:attachment":[{"href":"http:\/\/reparacionesmarinaalta.es\/index.php\/wp-json\/wp\/v2\/media?parent=633"}],"curies":[{"name":"wp","href":"https:\/\/api.w.org\/{rel}","templated":true}]}}